12?
6
What is the tens digit of 71615199?
9
What is the hundreds digit of 6009132516?
5
What is the thousands digit of 30762133?
2
What is the hundreds digit of 575288183?
1
What is the billions digit of 1648163864?
1
What is the ten millions digit of 27888478?
2
What is the thousands digit of 356880102?
0
What is the hundreds digit of 29939245?
2
What is the ten millions digit of 454303290?
5
What is the units digit of 18714957?
7
What is the thousands digit of 64374062?
4
What is the tens digit of 1747309388?
8
What is the units digit of 12893856?
6
What is the units digit of 20615475?
5
What is the millions digit of 104423639?
4
What is the ten millions digit of 734924165?
3
What is the ten millions digit of 33046043?
3
What is the thousands digit of 57391600?
1
What is the tens digit of 3452637634?
3
What is the millions digit of 176780953?
6
What is the ten millions digit of 135322411?
3
What is the millions digit of 29727851?
9
What is the tens digit of 1087681281?
8
What is the tens digit of 1898662668?
6
What is the units digit of 150363174?
4
What is the tens digit of 106695753?
5
What is the ten millions digit of 229577878?
2
What is the hundreds digit of 543638588?
5
What is the units digit of 2853296?
6
What is the units digit of 188677161?
1
What is the ten thousands digit of 110538493?
3
What is the thousands digit of 938326669?
6
What is the hundred thousands digit of 256252161?
2
What is the ten millions digit of 512614933?
1
What is the thousands digit of 117163909?
3
What is the ten thousands digit of 1989111997?
1
What is the ten thousands digit of 282209164?
0
What is the millions digit of 526584016?
6
What is the ten thousands digit of 1174390695?
9
What is the millions digit of 148104447?
8
What is the hundreds digit of 661873914?
9
What is the millions digit of 3996476?
3
What is the thousands digit of 1412720184?
0
What is the ten thousands digit of 855542185?
4
What is the hundred thousands digit of 516707242?
7
What is the ten millions digit of 3679013179?
7
What is the hundred thousands digit of 212873543?
8
What is the hundred millions digit of 291861670?
2
What is the hundred millions digit of 2060575953?
0
What is the thousands digit of 3684099741?
9
What is the units digit of 1150630693?
3
What is the ten millions digit of 246389358?
4
What is the hundreds digit of 79075700?
7
What is the units digit of 3615498124?
4
What is the millions digit of 637207194?
7
What is the hundred thousands digit of 10390617?
3
What is the hundreds digit of 4954237?
2
What is the ten millions digit of 238808195?
3
What is the thousands digit of 4661326?
1
What is the thousands digit of 6251133?
1
What is the hundred thousands digit of 39013235?
0
What is the hundred thousands digit of 78598571?
5
What is the hundred millions digit of 194490350?
1
What is the hundred thousands digit of 2262831459?
8
What is the thousands digit of 1982846893?
6
What is the units digit of 6482778?
8
What is the thousands digit of 2053014338?
4
What is the hundred thousands digit of 241382584?
3
What is the ten thousands digit of 101168156?
6
What is the hundreds digit of 2898330022?
0
What is the tens digit of 712892128?
2
What is the units digit of 1590402795?
5
What is the ten millions digit of 1786390922?
8
What is the millions digit of 2781562508?
1
What is the tens digit of 170413583?
8
What is the ten thousands digit of 40759059?
5
What is the ten millions digit of 104428494?
0
What is the hundred thousands digit of 3539873091?
8
What is the tens digit of 1251153534?
3
What is the ten millions digit of 103717349?
0
What is the hundred millions digit of 1172269972?
1
What is the hundred millions digit of 754818793?
7
What is the millions digit of 930997221?
0
What is the thousands digit of 26300353?
0
What is the tens digit of 97143948?
4
What is the hundreds digit of 22204926?
9
What is the units digit of 451175082?
2
What is the thousands digit of 347463115?
3
What is the ten thousands digit of 220302662?
0
What is the hundred thousands digit of 796810852?
8
What is the ten millions digit of 113114676?
1
What is the hundred thousands digit of 7555912?
5
What is the ten thousands digit of 18252418?
5
What is the hundred thousands digit of 834568878?
5
What is the ten millions digit of 147104745?
4
What is the hundred millions digit of 125071965?
1
What is the hundred thousands digit of 26291993?
2
What is the thousands digit of 419276892?
6
What is the ten thousands digit of 148040965?
4
What is the ten thousands digit of 208871634?
7
What is the hundred millions digit of 4866955753?
8
What is the millions digit of 2453425720?
3
What is the millions digit of 113985094?
3
What is the thousands digit of 6914319?
4
What is the millions digit of 89554823?
9
What is the ten thousands digit of 5729910133?
1
What is the ten millions digit of 1077328103?
7
What is the hundreds digit of 641022060?
0
What is the hundred thousands digit of 333472?
3
What is the ten thousands digit of 95737254?
3
What is the tens digit of 762619980?
8
What is the millions digit of 84657238?
4
What is the units digit of 89867394?
4
What is the ten millions digit of 30304611?
3
What is the hundred millions digit of 1234731041?
2
What is the hundred thousands digit of 183852106?
8
What is the thousands digit of 82661200?
1
What is the units digit of 51237177?
7
What is the tens digit of 256630449?
4
What is the units digit of 12093715?
5
What is the ten millions digit of 256744555?
5
What is the ten millions digit of 1279284466?
7
What is the units digit of 2625585241?
1
What is the units digit of 77912790?
0
What is the thousands digit of 2245084842?
4
What is the ten thousands digit of 835798401?
9
What is the hundreds digit of 102636553?
5
What is the ten thousands digit of 558504816?
0
What is the ten thousands digit of 802268586?
6
What is the millions digit of 321210590?
1
What is the thousands digit of 877336139?
6
What is the hundred thousands digit of 658069096?
0
What is the units digit of 72178035?
5
What is the units digit of 342422965?
5
What is the thousands digit of 739659535?
9
What is the millions digit of 705181442?
5
What is the thousands digit of 183939705?
9
What is the ten millions digit of 62895240?
6
What is the millions digit of 66809041?
6
What is the ten thousands digit of 2861847481?
4
What is the hundreds digit of 37243083?
0
What is the millions digit of 336978872?
6
What is the millions digit of 170731432?
0
What is the ten millions digit of 913449815?
1
What is the ten thousands digit of 85009363?
0
What is the units digit of 387771530?
0
What is the thousands digit of 210139048?
9
What is the units digit of 21649366?
6
What is the millions digit of 1947980361?
7
What is the units digit of 5778771644?
4
What is the ten millions digit of 86128164?
8
What is the thousands digit of 66330003?
0
What is the tens digit of 83491873?
7
What is the thousands digit of 11579234?
9
What is the units digit of 441851658?
8
What is the tens digit of 3171812714?
1
What is the units digit of 65625818?
8
What is the hundred millions digit of 177919768?
1
What is the millions digit of 17553043?
7
What is the hundred thousands digit of 61631220?
6
What is the hundred thousands digit of 4171313?
1
What is the hundreds digit of 338412532?
5
What is the hundred thousands digit of 142239212?
2
What is the millions digit of 631084832?
1
What is the units digit of 23054178?
8
What is the tens digit of 35245841?
4
What is the tens digit of 2251926682?
8
What is the ten millions digit of 285106784?
8
What is the millions digit of 43172679?
3
What is the millions digit of 18128992?
8
What is the tens digit of 2227756081?
8
What is the hundred thousands digit of 879198649?
1
What is the hundred thousands digit of 27170354?
1
What is the millions digit of 8817624?
8
What is the tens digit of 355587195?
9
What is the hundred millions digit of 107374305?
1
What is the millions digit of 126316149?
6
What is the ten millions digit of 12196512?
1
What is the thousands digit of 251237760?
7
What is the tens digit of 31868868?
6
What is the hundred millions digit of 7019624502?
0
What is the thousands digit of 1681723440?
3
What is the thousands digit of 84139908?
9
What is the